{"id":18,"date":"2018-11-06T17:00:23","date_gmt":"2018-11-06T17:00:23","guid":{"rendered":"http:\/\/news.aikido-dojo-ortenau.de\/?page_id=18"},"modified":"2025-04-10T07:48:15","modified_gmt":"2025-04-10T07:48:15","slug":"training","status":"publish","type":"page","link":"http:\/\/news.aikido-dojo-ortenau.de\/?page_id=18","title":{"rendered":"Training"},"content":{"rendered":"<h2>TRAININGSZEITEN<\/h2>\r\n<p><strong>Dienstag von 20:00 bis 21:30<\/strong>: Aikido Anf\u00e4nger und Einsteiger<br \/><strong>Mittwoch von 20:15 bis 21:30<\/strong>: Iaido<br \/><strong>Donnerstag von 20:00 bis 21:30<\/strong>: Aikido Fortgeschrittene<br \/><strong>Freitag von 18:00 bis 19:30<\/strong>: Aikido f\u00fcr Kinder und Jugendliche ab 9 Jahren<br \/><strong>Freitag von 18:45 bis 20:15<\/strong>: Aikido f\u00fcr Jugendliche ab 13 Jahren<\/p>\r\n<h2>MITGLIEDSBEITRAG<\/h2>\r\n<p>bis 18 Jahre: \u00a0 48,00 \u20ac \/ Jahr<br \/>ab 18 Jahre:\u00a0 \u00a0 80,00 \u20ac \/ Jahr<\/p>\r\n<h2>\u00a0<\/h2>\r\n<h2>TRAINING<\/h2>\r\n<div class=\"yellow-box\"><strong>Aikido Anf\u00e4nger<\/strong> ab 17 Jahren \u2013 Dienstags von 20:00 bis 21:30 Uhr<\/div>\r\n<div class=\"wp-caption alignright\" style=\"width: 150px;\">\r\n<p><img decoding=\"async\" loading=\"lazy\" class=\"alignright\" src=\"http:\/\/news.aikido-dojo-ortenau.de\/wp-content\/uploads\/Bildschirmfoto-2025-01-05-um-11.54.57.png\" width=\"150\" height=\"178\" \/><\/p>\r\n<p>&nbsp;<\/p>\r\n<p>&nbsp;<\/p>\r\n<p>&nbsp;<\/p>\r\n<p class=\"wp-caption-text\">\u00a0<\/p>\r\n<\/div>\r\n<p>Gleichgewichts\u00fcbungen, Atemtechniken, Gymnastik und Dehnungs\u00fcbungen sorgen f\u00fcr die k\u00f6rperliche Ert\u00fcchtigung. Verteidigungstechniken st\u00e4rken das Selbstbewusstsein. Hier kann jeder mitmachen, Alter spielt keine Rolle. Vorkenntnisse sind keine erforderlich. Reinschnuppern und mitmachen ist immer m\u00f6glich. Leichte Kleidung, z. B. Jogging-Anzug, gen\u00fcgt.<\/p>\r\n<address>\u00a0<\/address><address>\u00a0<\/address>\r\n<div>\u00a0<\/div>\r\n<div style=\"text-align: right;\"><em>Trainerin: Lisa Fronm\u00fcller 2. Dan Aikido<\/em><\/div>\r\n<div>\u00a0<\/div>\r\n<div>\u00a0<\/div>\r\n<div class=\"yellow-box\"><strong>Iaido<\/strong> \u2013 Mittwochs von 20:15 bis 21:30 Uhr<\/div>\r\n<div class=\"wp-caption alignright\">\r\n<p><a href=\"http:\/\/aikido-dojo-ortenau.de\/wp-content\/uploads\/2013\/04\/rene.jpg\"><img decoding=\"async\" loading=\"lazy\" class=\"bilder  alignnone\" src=\"http:\/\/aikido-dojo-ortenau.de\/wp-content\/uploads\/rene.jpg\" alt=\"rene\" width=\"176\" height=\"200\" \/><\/a><\/p>\r\n<p class=\"wp-caption-text\">Trainer: Ren\u00e9 Willmann,<br \/>2. Dan Iaido<\/p>\r\n<\/div>\r\n<p>Stock- und Schwertkampf\u00a0f\u00fcr Anf\u00e4nger und Fortgeschrittene\u00a0. In diesem Kurs werden Angriffs- und Verteidigungsformen mit dem Holzschwert und \u2013stock vermittelt. Die Konzentration, Koordination und Reaktion wird geschult und verbessert, ein Besinnen auf sich selbst schafft einen optimalen Ausgleich auf den t\u00e4glichen Stress. Dieser Kurs ist f\u00fcr jeden geeignet, Vorkenntnisse sind nicht erforderlich. Leichte Kleidung, z. B. Jogging-Anzug, gen\u00fcgt. Probetraining ist nat\u00fcrlich jederzeit m\u00f6glich.<\/p>\r\n<div>\u00a0<\/div>\r\n<div>\u00a0<\/div>\r\n<div>\u00a0<\/div>\r\n<div>\u00a0<\/div>\r\n<div>\u00a0<\/div>\r\n<div class=\"yellow-box\"><strong>Aikido Fortgeschrittene<\/strong> \u2013 Donnerstag von 20:00 bis 21:30 Uhr<\/div>\r\n<div class=\"wp-caption alignright\">\r\n<p><a href=\"http:\/\/aikido-dojo-ortenau.de\/wp-content\/uploads\/2013\/04\/udo.jpg\"><img decoding=\"async\" loading=\"lazy\" class=\"bilder  alignnone\" src=\"http:\/\/aikido-dojo-ortenau.de\/wp-content\/uploads\/udo.jpg\" alt=\"udo\" width=\"176\" height=\"200\" \/><\/a><\/p>\r\n<p class=\"wp-caption-text\">Trainer: Udo Erb 5. Dan Aikido<\/p>\r\n<p>&nbsp;<\/p>\r\n<\/div>\r\n<p>Voraussetzung ist hier eine gute Fallschule, die im Anf\u00e4ngerkurs vermittelt wurde und einfache Kenntnisse der Grundtechniken. Hier werden komplexe Formen von Verteidigungstechniken ge\u00fcbt sowie Verteidigung auf freien Angriff gegen einen oder mehreren Gegner. Fester Bestandteil ist auch das \u00dcben mit dem Holzschwert-, messer und \u2013stock.<\/p>\r\n<p>&nbsp;<\/p>\r\n<p>&nbsp;<\/p>\r\n<div>\u00a0<\/div>\r\n<div>\u00a0<\/div>\r\n<div>\u00a0<\/div>\r\n<div class=\"yellow-box\"><strong>Aikido Kinder und Jugendliche<\/strong> \u2013 Freitags von 18:00 bis 19:30 Uhr<\/div>\r\n<div class=\"wp-caption alignright\">\r\n<p><a href=\"http:\/\/aikido-dojo-ortenau.de\/wp-content\/uploads\/2015\/10\/melody.jpg\"><img decoding=\"async\" loading=\"lazy\" class=\"bilder  alignright\" src=\"http:\/\/aikido-dojo-ortenau.de\/wp-content\/uploads\/melody.jpg\" alt=\"\" width=\"176\" height=\"200\" \/><\/a><\/p>\r\n<\/div>\r\n<p class=\"wp-caption-text\">\u00a0<\/p>\r\n<div class=\"wp-caption alignright\">\r\n<p>&nbsp;<\/p>\r\n<\/div>\r\n<p>In diesem Training lernen die Kinder und Jugendlichen Grundkenntnisse f\u00fcr die ersten Graduierungen. Neben den Grundlagen der Fallschule geh\u00f6ren dazu selbstverst\u00e4ndlich auch die ersten Verteidigungstechniken. Au\u00dferdem lernen die Kinder und Jugendlichen die Verhaltensregeln im Dojo. Das Training ist f\u00fcr Kinder ab 8 Jahren geeignet. Es kann jederzeit hereingeschnuppert werden. Als Trainingskleidung gen\u00fcgt f\u00fcr den Anfang normale Sportkleidung (aber mit langen Hosen).<\/p>\r\n<p style=\"text-align: right;\">\u00a0<em>Trainerin: Melodie Willmann 1. Dan Aikido<\/em><\/p>\r\n<div>\u00a0<\/div>\r\n<div class=\"yellow-box\"><strong>Aikido Jugendliche<\/strong> \u2013 Freitags von 18:45 bis 20:15 Uhr<\/div>\r\n<div class=\"wp-caption alignright\">\r\n<p><a href=\"http:\/\/aikido-dojo-ortenau.de\/wp-content\/uploads\/2013\/04\/rene.jpg\"><img decoding=\"async\" loading=\"lazy\" class=\"bilder  alignnone\" src=\"http:\/\/aikido-dojo-ortenau.de\/wp-content\/uploads\/rene.jpg\" alt=\"rene\" width=\"176\" height=\"200\" \/><\/a><\/p>\r\n<p class=\"wp-caption-text\">Trainer: Ren\u00e9 Willmann,<br \/>2. Dan Aikido<\/p>\r\n<\/div>\r\n<p>Training f\u00fcr die Jugendlichen von 13 bis 16 Jahren.<\/p>\r\n<p>&nbsp;<\/p>\r\n<p>&nbsp;<\/p>\r\n<h4>\u00a0<\/h4>\r\n<h4>\u00a0<\/h4>\r\n<h4>\u00a0<\/h4>\r\n<h4>\u00a0<\/h4>\r\n<h4>\u00a0<\/h4>\r\n<h2>TRAININGSVIDEO<\/h2>\r\n<p><iframe loading=\"lazy\" src=\"https:\/\/www.youtube.com\/embed\/hVxDTdmwhi0\" width=\"560\" height=\"315\" frameborder=\"0\" allowfullscreen=\"allowfullscreen\"><\/iframe><\/p>\r\n\r\n<figure class=\"wp-block-embed-youtube wp-block-embed is-type-video is-provider-youtube wp-embed-aspect-16-9 wp-has-aspect-ratio\">\r\n<div class=\"wp-block-embed__wrapper\">https:\/\/youtu.be\/3mDK-tIouZI<\/div>\r\n<\/figure>\r\n<div>\u00a0 \u00a0 \u00a0 \u00a0 \u00a0<\/div>\r\n<div>\u00a0<\/div>\r\n<div>https:\/\/youtube.com\/shorts\/Yg-4rFGvTjI<\/div>\r\n<div>\u00a0<\/div>\r\n<div>\u00a0<\/div>\r\n","protected":false},"excerpt":{"rendered":"<p>TRAININGSZEITEN Dienstag von 20:00 bis 21:30: Aikido Anf\u00e4nger und EinsteigerMittwoch von 20:15 bis 21:30: IaidoDonnerstag von 20:00 bis 21:30: Aikido FortgeschritteneFreitag von 18:00 bis 19:30: Aikido f\u00fcr Kinder und Jugendliche ab 9 JahrenFreitag von 18:45 bis 20:15: Aikido f\u00fcr Jugendliche ab 13 Jahren MITGLIEDSBEITRAG bis 18 Jahre: \u00a0 48,00 \u20ac \/ Jahrab 18 Jahre:\u00a0 \u00a0 [&hellip;]<\/p>\n","protected":false},"author":4,"featured_media":0,"parent":0,"menu_order":0,"comment_status":"closed","ping_status":"closed","template":"","meta":[],"_links":{"self":[{"href":"http:\/\/news.aikido-dojo-ortenau.de\/index.php?rest_route=\/wp\/v2\/pages\/18"}],"collection":[{"href":"http:\/\/news.aikido-dojo-ortenau.de\/index.php?rest_route=\/wp\/v2\/pages"}],"about":[{"href":"http:\/\/news.aikido-dojo-ortenau.de\/index.php?rest_route=\/wp\/v2\/types\/page"}],"author":[{"embeddable":true,"href":"http:\/\/news.aikido-dojo-ortenau.de\/index.php?rest_route=\/wp\/v2\/users\/4"}],"replies":[{"embeddable":true,"href":"http:\/\/news.aikido-dojo-ortenau.de\/index.php?rest_route=%2Fwp%2Fv2%2Fcomments&post=18"}],"version-history":[{"count":69,"href":"http:\/\/news.aikido-dojo-ortenau.de\/index.php?rest_route=\/wp\/v2\/pages\/18\/revisions"}],"predecessor-version":[{"id":599,"href":"http:\/\/news.aikido-dojo-ortenau.de\/index.php?rest_route=\/wp\/v2\/pages\/18\/revisions\/599"}],"wp:attachment":[{"href":"http:\/\/news.aikido-dojo-ortenau.de\/index.php?rest_route=%2Fwp%2Fv2%2Fmedia&parent=18"}],"curies":[{"name":"wp","href":"https:\/\/api.w.org\/{rel}","templated":true}]}}

<h2>TRAININGSZEITEN</h2>
<p><strong>Dienstag von 20:00 bis 21:30</strong>: Aikido Anfänger und Einsteiger<br /><strong>Mittwoch von 20:15 bis 21:30</strong>: Iaido<br /><strong>Donnerstag von 20:00 bis 21:30</strong>: Aikido Fortgeschrittene<br /><strong>Freitag von 18:00 bis 19:30</strong>: Aikido für Kinder und Jugendliche ab 9 Jahren<br /><strong>Freitag von 18:45 bis 20:15</strong>: Aikido für Jugendliche ab 13 Jahren</p>
<h2>MITGLIEDSBEITRAG</h2>
<p>bis 18 Jahre:   48,00 € / Jahr<br />ab 18 Jahre:    80,00 € / Jahr</p>
<h2> </h2>
<h2>TRAINING</h2>
<div class="yellow-box"><strong>Aikido Anfänger</strong> ab 17 Jahren – Dienstags von 20:00 bis 21:30 Uhr</div>
<div class="wp-caption alignright" style="width: 150px;">
<p><img decoding="async" loading="lazy" class="alignright" src="http://news.aikido-dojo-ortenau.de/wp-content/uploads/Bildschirmfoto-2025-01-05-um-11.54.57.png" width="150" height="178" /></p>
<p>&nbsp;</p>
<p>&nbsp;</p>
<p>&nbsp;</p>
<p class="wp-caption-text"> </p>
</div>
<p>Gleichgewichtsübungen, Atemtechniken, Gymnastik und Dehnungsübungen sorgen für die körperliche Ertüchtigung. Verteidigungstechniken stärken das Selbstbewusstsein. Hier kann jeder mitmachen, Alter spielt keine Rolle. Vorkenntnisse sind keine erforderlich. Reinschnuppern und mitmachen ist immer möglich. Leichte Kleidung, z. B. Jogging-Anzug, genügt.</p>
<address> </address><address> </address>
<div> </div>
<div style="text-align: right;"><em>Trainerin: Lisa Fronmüller 2. Dan Aikido</em></div>
<div> </div>
<div> </div>
<div class="yellow-box"><strong>Iaido</strong> – Mittwochs von 20:15 bis 21:30 Uhr</div>
<div class="wp-caption alignright">
<p><a href="http://aikido-dojo-ortenau.de/wp-content/uploads/2013/04/rene.jpg"><img decoding="async" loading="lazy" class="bilder  alignnone" src="http://aikido-dojo-ortenau.de/wp-content/uploads/rene.jpg" alt="rene" width="176" height="200" /></a></p>
<p class="wp-caption-text">Trainer: René Willmann,<br />2. Dan Iaido</p>
</div>
<p>Stock- und Schwertkampf für Anfänger und Fortgeschrittene . In diesem Kurs werden Angriffs- und Verteidigungsformen mit dem Holzschwert und –stock vermittelt. Die Konzentration, Koordination und Reaktion wird geschult und verbessert, ein Besinnen auf sich selbst schafft einen optimalen Ausgleich auf den täglichen Stress. Dieser Kurs ist für jeden geeignet, Vorkenntnisse sind nicht erforderlich. Leichte Kleidung, z. B. Jogging-Anzug, genügt. Probetraining ist natürlich jederzeit möglich.</p>
<div> </div>
<div> </div>
<div> </div>
<div> </div>
<div> </div>
<div class="yellow-box"><strong>Aikido Fortgeschrittene</strong> – Donnerstag von 20:00 bis 21:30 Uhr</div>
<div class="wp-caption alignright">
<p><a href="http://aikido-dojo-ortenau.de/wp-content/uploads/2013/04/udo.jpg"><img decoding="async" loading="lazy" class="bilder  alignnone" src="http://aikido-dojo-ortenau.de/wp-content/uploads/udo.jpg" alt="udo" width="176" height="200" /></a></p>
<p class="wp-caption-text">Trainer: Udo Erb 5. Dan Aikido</p>
<p>&nbsp;</p>
</div>
<p>Voraussetzung ist hier eine gute Fallschule, die im Anfängerkurs vermittelt wurde und einfache Kenntnisse der Grundtechniken. Hier werden komplexe Formen von Verteidigungstechniken geübt sowie Verteidigung auf freien Angriff gegen einen oder mehreren Gegner. Fester Bestandteil ist auch das Üben mit dem Holzschwert-, messer und –stock.</p>
<p>&nbsp;</p>
<p>&nbsp;</p>
<div> </div>
<div> </div>
<div> </div>
<div class="yellow-box"><strong>Aikido Kinder und Jugendliche</strong> – Freitags von 18:00 bis 19:30 Uhr</div>
<div class="wp-caption alignright">
<p><a href="http://aikido-dojo-ortenau.de/wp-content/uploads/2015/10/melody.jpg"><img decoding="async" loading="lazy" class="bilder  alignright" src="http://aikido-dojo-ortenau.de/wp-content/uploads/melody.jpg" alt="" width="176" height="200" /></a></p>
</div>
<p class="wp-caption-text"> </p>
<div class="wp-caption alignright">
<p>&nbsp;</p>
</div>
<p>In diesem Training lernen die Kinder und Jugendlichen Grundkenntnisse für die ersten Graduierungen. Neben den Grundlagen der Fallschule gehören dazu selbstverständlich auch die ersten Verteidigungstechniken. Außerdem lernen die Kinder und Jugendlichen die Verhaltensregeln im Dojo. Das Training ist für Kinder ab 8 Jahren geeignet. Es kann jederzeit hereingeschnuppert werden. Als Trainingskleidung genügt für den Anfang normale Sportkleidung (aber mit langen Hosen).</p>
<p style="text-align: right;"> <em>Trainerin: Melodie Willmann 1. Dan Aikido</em></p>
<div> </div>
<div class="yellow-box"><strong>Aikido Jugendliche</strong> – Freitags von 18:45 bis 20:15 Uhr</div>
<div class="wp-caption alignright">
<p><a href="http://aikido-dojo-ortenau.de/wp-content/uploads/2013/04/rene.jpg"><img decoding="async" loading="lazy" class="bilder  alignnone" src="http://aikido-dojo-ortenau.de/wp-content/uploads/rene.jpg" alt="rene" width="176" height="200" /></a></p>
<p class="wp-caption-text">Trainer: René Willmann,<br />2. Dan Aikido</p>
</div>
<p>Training für die Jugendlichen von 13 bis 16 Jahren.</p>
<p>&nbsp;</p>
<p>&nbsp;</p>
<h4> </h4>
<h4> </h4>
<h4> </h4>
<h4> </h4>
<h4> </h4>
<h2>TRAININGSVIDEO</h2>
<p><iframe loading="lazy" src="https://www.youtube.com/embed/hVxDTdmwhi0" width="560" height="315" frameborder="0" allowfullscreen="allowfullscreen"></iframe></p>

<figure class="wp-block-embed-youtube wp-block-embed is-type-video is-provider-youtube wp-embed-aspect-16-9 wp-has-aspect-ratio">
<div class="wp-block-embed__wrapper">https://youtu.be/3mDK-tIouZI</div>
</figure>
<div>         </div>
<div> </div>
<div>https://youtube.com/shorts/Yg-4rFGvTjI</div>
<div> </div>
<div> </div>

<p>TRAININGSZEITEN Dienstag von 20:00 bis 21:30: Aikido Anfänger und EinsteigerMittwoch von 20:15 bis 21:30: IaidoDonnerstag von 20:00 bis 21:30: Aikido FortgeschritteneFreitag von 18:00 bis 19:30: Aikido für Kinder und Jugendliche ab 9 JahrenFreitag von 18:45 bis 20:15: Aikido für Jugendliche ab 13 Jahren MITGLIEDSBEITRAG bis 18 Jahre:   48,00 € / Jahrab 18 Jahre:    [&hellip;]</p>
