{"id":7,"date":"2017-11-01T14:39:10","date_gmt":"2017-11-01T14:39:10","guid":{"rendered":"http:\/\/news.aikido-dojo-ortenau.de\/?page_id=7"},"modified":"2023-04-21T07:16:30","modified_gmt":"2023-04-21T07:16:30","slug":"startseite","status":"publish","type":"page","link":"http:\/\/news.aikido-dojo-ortenau.de\/","title":{"rendered":"Aikido"},"content":{"rendered":"<h2><div id=\"metaslider-id-102\" style=\"max-width: 810px;\" class=\"ml-slider-3-100-1 metaslider metaslider-nivo metaslider-102 ml-slider ms-theme-default\" role=\"region\" aria-label=\"Tendoryu\" data-height=\"454\" data-width=\"810\">\n    <div id=\"metaslider_container_102\">\n        <div class='slider-wrapper theme-default'><div class='ribbon'><\/div><div id='metaslider_102' class='nivoSlider'><img src=\"http:\/\/news.aikido-dojo-ortenau.de\/wp-content\/uploads\/shimizu-4-1-676x378.jpg\" height=\"454\" width=\"810\" alt=\"\" class=\"slider-102 slide-104 msDefaultImage\" \/><img src=\"http:\/\/news.aikido-dojo-ortenau.de\/wp-content\/uploads\/shimizu-2-676x378.jpg\" height=\"454\" width=\"810\" alt=\"\" class=\"slider-102 slide-106 msDefaultImage\" \/><img src=\"http:\/\/news.aikido-dojo-ortenau.de\/wp-content\/uploads\/shimizu-3-676x378.jpg\" height=\"454\" width=\"810\" alt=\"\" class=\"slider-102 slide-109 msDefaultImage\" \/><\/div><\/div>\n        \n    <\/div>\n<\/div><\/h2>\n<p>&nbsp;<\/p>\n<h2>FASZINATION AIKIDO<\/h2>\n<p>Seit 2007 gibt es AIKIDO in Friesenheim. Wir sind eine Abteilung des Turnvereins und bieten Kurse f\u00fcr Erwachsene und Sch\u00fcler an. Ein Team von Trainern bieten an vier Abenden pro Woche Aikido, die sanfte Kunst der Selbstverteidung und Iaido, japanischer Stock- und Schwertkampf an. Die Trainer verf\u00fcgen \u00fcber eine langj\u00e4hrige Ausbildung und schulen sich laufend auf aktuellen Aikido-Lehrg\u00e4ngen fort. In Friesenheim praktizieren wir den Stil des\u00a0<a href=\"http:\/\/www.aikido-dojo-ortenau.de\/tendoryu-aikido\/\">Tendoryu-Aikido<\/a>\u00a0des Meisters Simizu-Sensei.<\/p>\n<p>&nbsp;<\/p>\n<h2>WAS IST AIKIDO?<\/h2>\n<p>AIKIDO ist eine japanische Kampfkunst, die Anfang des 20. Jahrhunderts von dem Japaner Morihei Ueshiba entwickelt wurde. Die Techniken des AIKIDO sind vom Aiki-JuJutsu sowie dem Schwertkampf gepr\u00e4gt. Typisch sind die kreisrunden und spiralf\u00f6rmigen Techniken, mit denen die Angriffsenergie des Gegners nutzbar gemacht und verst\u00e4rkt auf den Angreifer zur\u00fcckgef\u00fchrt wird.<\/p>\n<p>AIKIDO ist eine defensive Kampfkunst gegen bewaffnete und unbewaffnete Angreifer.\u00a0AIKIDO enth\u00e4lt neben waffenlosen Techniken auch den Umgang mit dem Langstock (Aiki-Jo) und dem japanischen Schwert (Bokken oder Aiki-Ken). Diese drei Grundelemente ergeben zusammen die Kunst des AIKIDO.<\/p>\n<p>AIKIDO beruht auf einem geschulten und disziplinierten Willen als lenkender Kraft (<strong>KI<\/strong>) und dem Verm\u00f6gen, Gedanken und Handlungen harmonisch (<strong>AI<\/strong>) zu koordinieren. \u00c4hnlich wie bei ZEN-Praktiken werden auch im Aikido K\u00f6rperhaltungen und Einstellungen trainiert, die diesen Weg (<strong>DO<\/strong>) erleichtern und f\u00f6rdern sollen. Die Lehre des Aikido ist nicht nur als Selbstverteidigung zu verstehen, sondern soll als Lebensschulung dienen, deren Ziel es ist, die Einheit von K\u00f6rper und Geist im t\u00e4glichen Leben zu verwirklichen.<\/p>\n","protected":false},"excerpt":{"rendered":"<p>&nbsp; FASZINATION AIKIDO Seit 2007 gibt es AIKIDO in Friesenheim. Wir sind eine Abteilung des Turnvereins und bieten Kurse f\u00fcr Erwachsene und Sch\u00fcler an. Ein Team von Trainern bieten an vier Abenden pro Woche Aikido, die sanfte Kunst der Selbstverteidung und Iaido, japanischer Stock- und Schwertkampf an. Die Trainer verf\u00fcgen \u00fcber eine langj\u00e4hrige Ausbildung und [&hellip;]<\/p>\n","protected":false},"author":4,"featured_media":0,"parent":0,"menu_order":0,"comment_status":"closed","ping_status":"closed","template":"","meta":[],"_links":{"self":[{"href":"http:\/\/news.aikido-dojo-ortenau.de\/index.php?rest_route=\/wp\/v2\/pages\/7"}],"collection":[{"href":"http:\/\/news.aikido-dojo-ortenau.de\/index.php?rest_route=\/wp\/v2\/pages"}],"about":[{"href":"http:\/\/news.aikido-dojo-ortenau.de\/index.php?rest_route=\/wp\/v2\/types\/page"}],"author":[{"embeddable":true,"href":"http:\/\/news.aikido-dojo-ortenau.de\/index.php?rest_route=\/wp\/v2\/users\/4"}],"replies":[{"embeddable":true,"href":"http:\/\/news.aikido-dojo-ortenau.de\/index.php?rest_route=%2Fwp%2Fv2%2Fcomments&post=7"}],"version-history":[{"count":8,"href":"http:\/\/news.aikido-dojo-ortenau.de\/index.php?rest_route=\/wp\/v2\/pages\/7\/revisions"}],"predecessor-version":[{"id":501,"href":"http:\/\/news.aikido-dojo-ortenau.de\/index.php?rest_route=\/wp\/v2\/pages\/7\/revisions\/501"}],"wp:attachment":[{"href":"http:\/\/news.aikido-dojo-ortenau.de\/index.php?rest_route=%2Fwp%2Fv2%2Fmedia&parent=7"}],"curies":[{"name":"wp","href":"https:\/\/api.w.org\/{rel}","templated":true}]}}